24*t + 23. Let l(w) = w**3 + 14*w**2 - 12*w - 12. Let j(p) = 7*l(p) + 4*z(p). Determine j(d).
-3
Let x(d) = 8*d**2 + 31*d - 7. Let a(f) = 7*f**2 + 26*f - 6. Let l(j) = 6*a(j) - 5*x(j). Let z = -3 - 0. Let k = z + 4. What is l(k)?
2
Let f(s) be the first derivative of 2*s**2 - 2*s + 983. Give f(2).
6
Let p(o) = o**3 + 46*o**2 - 2. Let a be p(-46). Let l(b) = 3*b**3 + 40 - b**2 - 4*b**3 - 39 + 4*b - 2*b. Calculate l(a).
1
Let g = 73 + -56. Let u(c) = -g + 1 + 2 - 2*c + 9. What is u(-9)?
13
Let h(q) = q + 8. Let n(a) = 6*a + 43. Let g(x) = -11*h(x) + 2*n(x). Give g(-18).
-20
Let j(l) be the second derivative of -l**5/20 + l**4/2 - 2*l**3/3 + 11*l**2 + 1178*l + 2. What is j(6)?
-2
Let n(t) be the first derivative of -t**4/4 - t**2/2 - 12*t + 1474. Calculate n(0).
-12
Let i(m) = 5*m**2 - 114*m - 30. Let v(f) = -3*f**3 - 37*f**2 + 32*f + 101. Let d be v(-13). Give i(d).
-7
Let k(o) = o - 5. Let m = -35 + 33. Let z be (m/2 - -5) + 16 + -15. What is k(z)?
0
Let q(k) be the second derivative of 17*k**4/4 - k**3/3 - k**2/2 + k + 161. Determine q(-1).
52
Let i(g) = -3*g**2 - 18*g - 31. Let l(d) = -2*d**2 - 12*d - 21. Let s(w) = 5*i(w) - 7*l(w). Let r = -294 - -288. Determine s(r).
-8
Let l(y) = 1 - 48*y**3 - y + 2*y**2 - 11 + 62*y**3 + 9 + 0*y**2. Give l(-1).
-12
Let g(b) be the third derivative of b**4/4 + 23*b**3/6 + 1836*b**2. Give g(-3).
5
Let y(n) = -43*n**2 + 23 - n - 16*n**2 - 22 + 38*n**2. Suppose 5*f = 1 + 4. Calculate y(f).
-21
Let m = -657 + 663. Suppose 4 = 4*a - 2*a. Let x(f) = -f**2 - 2 + 6*f + f - a*f. Give x(m).
-8
Let y be (-47)/3 + (-2)/(-3). Let l be y/2*14/21. Let u(v) = 6*v**2 - 793*v + 4 + 788*v - 7*v**2. Calculate u(l).
4
Let h(z) = -21*z - 10. Let d(a) = 4*a + 2. Let q(j) = -11*d(j) - 2*h(j). Let k(v) = -v + 1. Suppose 0 = 5*b - 44 + 9. Let i be k(b). Determine q(i).
10
Let h(d) = -2*d - 22. Let m be h(-15). Suppose -2*p - 12 = -4*b, 5*p - 7*p - m = -2*b. Let r(v) = 10*v + 5. Determine r(p).
-15
Suppose 0 = 36*l + 17*l - 70 - 36. Let c(b) = -3*b**2 + 17*b - 3. Give c(l).
19
Let v(g) = 3*g**2 - 21. Let r be v(-5). Suppose -r = -14*j - 12. Let b(k) = 10*k. Determine b(j).
30
Let c(n) = -n**2 - 23*n - 31. Let i(f) = 9*f**2 + 195*f + 249. Let x(m) = -17*c(m) - 2*i(m). What is x(0)?
29
Let a(h) = 2*h + h - 80 + 82 + 248*h**2 - 5*h - 499*h**2 + 250*h**2. Let t = -5 + 9. Give a(t).
-22
Let w = -3 - -3. Let u(n) be the second derivative of n**5/20 + n**4/6 + n**3/3 + n**2 - 420*n. Calculate u(w).
2
Let m(x) = -9*x + 205. Let n be m(20). Let w = n - 33. Let a(h) = -2*h - 15. Calculate a(w).
1
Let v(p) = 10*p**2 - 16*p - 12. Let x(l) = 9*l**2 - 16*l - 11. Let d(s) = 11*v(s) - 12*x(s). Determine d(-8).
0
Suppose -17 = -5*u + 3*j + 9, -22 = -u - 5*j. Let n(s) = s + 5*s + 2*s + u + s**2. Suppose z = -3*l - 23, -4*l - 77 = 5*z - 17. Give n(l).
-8
Let p(l) = l - 3. Let n be p(4). Let o(t) be the third derivative of 1/6*t**3 + 0*t**5 + 0*t**4 - 2*t - 1/15*t**6 + 0 + t**2. Calculate o(n).
-7
Let a be (-12)/(-3 - 0) + -171 + 3. Let k = 169 + a. Let g(i) = -3*i + 7. Calculate g(k).
-8
Let d = 31 - 30. Let g(x) = 3*x**2 + 15*x - 6. Let s(z) = z**2 + 2*z - 1. Let y(m) = d*g(m) - 4*s(m). Give y(6).
4
Let g(m) = -16*m - 77. Let t(s) = -273*s - 1300. Let j(x) = 52*g(x) - 3*t(x). Give j(-7).
-13
Suppose 0 = 4*z + 20, 20*q = 18*q + 2*z. Let r(f) = 3*f**2 + 18*f + 13. Give r(q).
-2
Let k(a) be the first derivative of -a**5/20 - 7*a**4/12 + 7*a**3/6 + 46*a + 74. Let p(j) be the first derivative of k(j). Calculate p(-8).
8
Let h(x) = 3*x - 2. Let i(r) = r**2 + 15*r + 14. Let d be i(-16). Suppose 3*j - d = -9. Let u be -3 + (0 - -7) - j. Determine h(u).
-11
Let m(a) = -6*a + 20. Suppose 16*s = 10*g - 6*g - 72, 5*s + 24 = 2*g. Give m(g).
8
Let h(y) = 5*y**2 + 11*y - 13. Let p(u) = 6*u**2 + 12*u - 14. Let t(n) = -5*h(n) + 4*p(n). What is t(-10)?
-21
Suppose -5*b + 9 = -p, 2*p - 6*p - 6 = -5*b. Let x be p/6 - (-58)/12. Let q(s) = 5*s - 5. Calculate q(x).
20
Let a be 15*1*(-6)/(-18). Suppose 17*w = 2*w + 45. Let l(p) = -5*p**2 + 1 - 7 - 4*p - 3*p**w + 4*p**3 + 9. What is l(a)?
-17
Let d(t) be the first derivative of -t**4/4 + t**3/3 + 7*t**2 + 9*t + 736. What is d(5)?
-21
Let i(k) = k - 3. Let u(r) = -14*r**2 - r + 5. Let z(o) = 2*i(o) + u(o). Give z(-2).
-59
Suppose -359*t + 619*t - 285 = 317*t. Let x(y) = 27*y - 12. Give x(t).
-147
Let d(x) = -2*x**3 - 4*x**3 + 5*x**3 + x**2. Let y(j) = -5*j**3 + 3*j**2 + j + 1. Let b(k) = 6*d(k) - y(k). Determine b(2).
1
Let v(o) = 2*o + 6. Let b(d) = 2*d**2 - 9*d - 20. Let y(q) = -2*b(q) - 7*v(q). Suppose 2*m + 4*s = 0, 1 = -4*s - 3. Calculate y(m).
-10
Let n(v) = 19*v - 28. Let o = 17244 - 17238. Determine n(o).
86
Let q be (534/(-5))/(104/(-780)). Let x = q - 809. Let w(f) = -f**2 - 1. Let h(s) = s**3 + 14*s**2 - 3. Let g(m) = h(m) + 6*w(m). Determine g(x).
-9
Let n(b) be the third derivative of b**6/120 - 3*b**5/20 + b**4/2 + 10*b**3/3 - 7*b**2 + 42*b + 1. What is n(7)?
6
Let t(d) = -d**2 + 4*d + 4. Suppose g + 0 = 3*w - 4, 0 = -w + 2. Suppose -5*j - 7 = -5*r - 2, 0 = -2*j - g*r + 6. Let i be j + (-1 - -3) - -3. What is t(i)?
-8
Suppose 78 - 8 = -3*k - 4*c, 0 = -k - c - 25. Let z = 35 + k. Let u(a) = -a**2 + 3*a. Determine u(z).
-10
Let v be 2/(-5) - (-4)/10. Let h(b) be the first derivative of b**4/4 + 2*b**3/3 + b**2/2 + 6*b + 43570. Calculate h(v).
6
Let j(w) = 2*w**2 + 126*w + 886. Let q be j(-8). Let k(r) = -r**3 + 10*r**2 - 4*r - 7. Determine k(q).
113
Let b(l) be the third derivative of l**6/120 + l**5/5 + 5*l**4/3 + 11*l**3/6 + 32*l**2 - 42. Determine b(-6).
-13
Let w(d) be the third derivative of -1/60*d**5 + 7/24*d**4 - 3*d**2 - 1/2*d**3 + 0 - 2*d. Calculate w(6).
3
Suppose 95 + 45 = 2*d. Let w be d/21 + 2/3. Let r(b) = -1 - 29*b**3 - w*b + 6 + 28*b**3 - 6*b**2. Calculate r(-4).
-11
Let r(v) = v**2 + v - 19. Suppose 3*u + 1 + 14 = 0, 3*j - 338 = 4*u. Suppose 0 = 5*i + j - 106. Give r(i).
-19
Let m(a) = a**2 + 7*a + 9. Suppose 5*f + 80 = 5*y, -31*y - 2*f - 92 = -36*y. Let r(n) = -3 - 2*n**2 + 21*n + n**2 - 24. Let t be r(y). What is m(t)?
9
Suppose -5*j - 5*u + 50 = 0, 6*j + u - 34 = 3*j. Suppose -j*r = 13*r + 50. Let g(w) = w + 2. Calculate g(r).
0
Let d(x) = -x**2 + 10*x + 88. Let g be d(14). Suppose 73 + g = 21*v. Let o(k) = 2*k + 9. What is o(v)?
19
Let i(u) = -256*u**2 + 5 + 11*u + 255*u**2 - 4*u. Suppose 0 = -7*h + 2*h - 15. Let l be (0 - 18/h) + 2. Give i(l).
-3
Let g(d) be the second derivative of 7/12*d**4 + 5*d**2 + 0 + 53*d - 1/2*d**3 - 1/20*d**5. What is g(7)?
-11
Let j = 6131 - 6127. Let u(g) = 32*g - 131. Determine u(j).
-3
Let k be (-6)/(-2)*9/((-81)/(-6)). Let t(w) be the first derivative of -w**4/4 - w**3 + w**2 - 2*w + 751. Determine t(k).
-18
Let b = 51 + -45. Suppose 0 = -7*g + 6*g + b. Let d be 20/(-6)*(-9)/g. Let w(s) = -s - 2. Calculate w(d).
-7
Let u(h) = h**3 + 19*h**2 + 10*h + 59. Let k be u(-19). Let g = 135 + k. Let a(y) = y**3 - 3*y**2 - 3*y + 4. Calculate a(g).
8
Let n(c) = -5*c**3 + 2897*c + c**3 + 6*c**3 - 3*c**3 - 2885*c - 4*c**2 - 4. What is n(-6)?
-4
Let u(x) = 159 + x**2 - 650 + 245 - 6*x + 225. Determine u(9).
6
Let z(y) = 2*y + 10. Let o(w) = w + 9. Let q(d) = -4*o(d) + 3*z(d). Suppose 3*i + f = 17, -5*i + 25*f = 28*f - 31. Calculate q(i).
4
Let f = -431 + 435. Suppose 3*k - 5*p + 23 = 13, -f*p = -20. Let o(x) = x**2 + 2. Calculate o(k).
27
Let k(h) be the second derivative of h**6/120 + 2*h**5/15 + h**4/3 - h**3 + 67*h**2/2 + 82*h. Let w(t) be the first derivative of k(t). Give w(-6).
18
Let g(s) = s**2 + 19*s + 75. Suppose 0 = -u - 4*j + 7, -5*u - 19*j = -22*j + 34. Calculate g(u).
5
Let g(i) = -150*i + 253*i - 6 - 13 + 3 - 104*i. Determine g(-3).
-13
Let m be 1/(-4 - -3)*0*8/56. Let w(u) = 16*u - 58. Give w(m).
-58
Let a(m) = -m**3 + 17*m**2 - 37*m + 66. Let z be a(16). Let h = z - -277. Let g(q) = q**2 - 9*q - 3. What is g(h)?
-17
Suppose -4*p + 3 = -3*u + 5, 2*u - 5*p + 1 = 0. Let z(k) = 15*k**u - 14*k**2 + 3 + 3*k - 5*k. Give z(4).
11
Let r(h) = -h**3 + 2*h - 1. Suppose -4*n - 636 = -0*n. Let i be n/(-3) - ((-15)/3 + 4). Let v = i - 53. What is r(v)?
0
Let i = -78 - -81. Let a(h) = -h**2 - 10*h + 15*h - i*h**2 + 3*h**2 + 11*h - 20. Determine a(15).
-5
Let r(l) = -2*l**3 + 39*l**2 + 22*l - 54. Let h be (-12)/40 - (-203)/10. Give r(h).
-14
Let o(m) = 3*m**3 - 239*m**2 